37?
233
What is the remainder when 17149 is divided by 7?
6
What is the remainder when 16801 is divided by 5599?
4
Calculate the remainder when 5038 is divided by 614.
126
Calculate the remainder when 39977 is divided by 460.
417
What is the remainder when 815462 is divided by 202?
190
Calculate the remainder when 2576 is divided by 290.
256
Calculate the remainder when 24257 is divided by 129.
5
Calculate the remainder when 22099 is divided by 457.
163
Calculate the remainder when 103808 is divided by 51897.
14
Calculate the remainder when 3617 is divided by 470.
327
Calculate the remainder when 1043192 is divided by 3398.
6
Calculate the remainder when 14907 is divided by 7449.
9
What is the remainder when 35086 is divided by 31?
25
What is the remainder when 4154 is divided by 27?
23
Calculate the remainder when 3246 is divided by 154.
12
Calculate the remainder when 4047 is divided by 98.
29
What is the remainder when 6313 is divided by 573?
10
What is the remainder when 505 is divided by 129?
118
What is the remainder when 89077 is divided by 12724?
9
Calculate the remainder when 10682 is divided by 4.
2
What is the remainder when 347457 is divided by 6434?
21
Calculate the remainder when 101999 is divided by 50.
49
What is the remainder when 1153 is divided by 587?
566
Calculate the remainder when 7667 is divided by 36.
35
What is the remainder when 402606 is divided by 4283?
4
What is the remainder when 3713 is divided by 142?
21
What is the remainder when 99370 is divided by 49?
47
Calculate the remainder when 4547 is divided by 573.
536
What is the remainder when 76556 is divided by 38278?
0
What is the remainder when 235456 is divided by 18112?
0
Calculate the remainder when 2643 is divided by 32.
19
What is the remainder when 140889 is divided by 15642?
111
What is the remainder when 39131 is divided by 294?
29
What is the remainder when 17473 is divided by 146?
99
Calculate the remainder when 65151 is divided by 116.
75
Calculate the remainder when 449 is divided by 100.
49
What is the remainder when 131260 is divided by 958?
14
What is the remainder when 1065 is divided by 65?
25
What is the remainder when 40133 is divided by 3076?
145
What is the remainder when 137338 is divided by 410?
398
Calculate the remainder when 2023 is divided by 66.
43
Calculate the remainder when 3500 is divided by 352.
332
Calculate the remainder when 215041 is divided by 71678.
7
Calculate the remainder when 26178 is divided by 26170.
8
What is the remainder when 20068 is divided by 359?
323
What is the remainder when 211066 is divided by 451?
449
Calculate the remainder when 104969 is divided by 109.
2
Calculate the remainder when 8064 is divided by 2647.
123
Calculate the remainder when 26683 is divided by 4446.
7
What is the remainder when 95650 is divided by 19128?
10
Calculate the remainder when 5022 is divided by 80.
62
What is the remainder when 1007906 is divided by 29644?
10
What is the remainder when 18114 is divided by 181?
14
What is the remainder when 5597 is divided by 215?
7
Calculate the remainder when 38007 is divided by 21.
18
What is the remainder when 56280 is divided by 17?
10
Calculate the remainder when 8691 is divided by 32.
19
What is the remainder when 50666 is divided by 50631?
35
Calculate the remainder when 57175 is divided by 28.
27
Calculate the remainder when 77178 is divided by 149.
145
Calculate the remainder when 4828 is divided by 547.
452
Calculate the remainder when 3889 is divided by 282.
223
Calculate the remainder when 12887 is divided by 18.
17
Calculate the remainder when 143997 is divided by 80.
77
What is the remainder when 95 is divided by 18?
5
Calculate the remainder when 137393 is divided by 45645.
458
Calculate the remainder when 1881 is divided by 625.
6
What is the remainder when 21781 is divided by 1145?
26
Calculate the remainder when 17472 is divided by 17469.
3
Calculate the remainder when 14306 is divided by 189.
131
Calculate the remainder when 22512 is divided by 87.
66
What is the remainder when 1428 is divided by 96?
84
What is the remainder when 1781 is divided by 745?
291
Calculate the remainder when 2424 is divided by 402.
12
Calculate the remainder when 292 is divided by 32.
4
Calculate the remainder when 102380 is divided by 42.
26
What is the remainder when 584 is divided by 209?
166
Calculate the remainder when 7180 is divided by 5574.
1606
Calculate the remainder when 3639 is divided by 1198.
45
Calculate the remainder when 11841 is divided by 124.
61
What is the remainder when 107908 is divided by 327?
325
What is the remainder when 7070 is divided by 1411?
15
What is the remainder when 2324615 is divided by 24?
23
Calculate the remainder when 16716 is divided by 55.
51
What is the remainder when 9158 is divided by 40?
38
What is the remainder when 1648797 is divided by 18?
15
What is the remainder when 39783 is divided by 750?
33
What is the remainder when 44693 is divided by 5585?
13
Calculate the remainder when 87077 is divided by 59.
52
What is the remainder when 120396 is divided by 74?
72
What is the remainder when 5981 is divided by 119?
31
What is the remainder when 1738 is divided by 229?
135
What is the remainder when 24343 is divided by 81?
43
Calculate the remainder when 137605 is divided by 362.
45
What is the remainder when 59745 is divided by 91?
49
What is the remainder when 8662 is divided by 8651?
11
Calculate the remainder when 408019 is divided by 102000.
19
Calculate the remainder when 6951 is divided by 6938.
13
What is the remainder when 1306 is divided by 6?
4
What is the remainder when 176637 is divided by 341?
340
Calculate the remainder when 64083 is divided by 33.
30
What is the remainder when 21401 is divided by 154?
149
What is the remainder when 16086 is divided by 29?
20
Calculate the remainder when 97125 is divided by 76.
73
What is the remainder when 992690 is divided by 441?
440
What is the remainder when 4705 is divided by 1333?
706
Calculate the remainder when 11884 is divided by 46.
16
What is the remainder when 66094 is divided by 16?
14
Calculate the remainder when 257897 is divided by 50.
47
What is the remainder when 18264 is divided by 44?
4
What is the remainder when 56680 is divided by 235?
45
What is the remainder when 260929 is divided by 3624?
1
What is the remainder when 157797 is divided by 385?
332
What is the remainder when 6998 is divided by 6?
2
What is the remainder when 18647 is divided by 126?
125
What is the remainder when 6843075 is divided by 209?
206
Calculate the remainder when 5554 is divided by 728.
458
What is the remainder when 16679 is divided by 24?
23
What is the remainder when 2834 is divided by 89?
75
What is the remainder when 1490254 is divided by 948?
946
What is the remainder when 5500 is divided by 289?
9
What is the remainder when 985 is divided by 16?
9
Calculate the remainder when 453673 is divided by 26.
25
Calculate the remainder when 73182 is divided by 36573.
36
Calculate the remainder when 2060 is divided by 341.
14
What is the remainder when 97919 is divided by 144?
143
Calculate the remainder when 8960 is divided by 163.
158
What is the remainder when 9664 is divided by 2513?
2125
What is the remainder when 1821390 is divided by 483?
480
Calculate the remainder when 6417 is divided by 1600.
17
Calculate the remainder when 30896 is divided by 20.
16
Calculate the remainder when 419 is divided by 186.
47
What is the remainder when 8347 is divided by 79?
52
Calculate the remainder when 53461 is divided by 163.
160
What is the remainder when 245378 is divided by 11?
1
What is the remainder when 188024 is divided by 188009?
15
What is the remainder when 20312 is divided by 88?
72
What is the remainder when 415280 is divided by 1437?
1424
Calculate the remainder when 1013 is divided by 784.
229
What is the remainder when 1005 is divided by 811?
194
Calculate the remainder when 1824 is divided by 440.
64
What is the remainder when 35631 is divided by 451?
2
Calculate the remainder when 21499 is divided by 42.
37
What is the remainder when 1527 is divided by 255?
252
Calculate the remainder when 34673 is divided by 65.
28
Calculate the remainder when 50008 is divided by 467.
39
What is the remainder w